2
What is the units digit of 5377949728?
8
What is the tens digit of 676423514?
1
What is the hundred thousands digit of 19077456?
0
What is the thousands digit of 315990228?
0
What is the tens digit of 91620246?
4
What is the thousands digit of 6730794911?
4
What is the units digit of 748731170?
0
What is the hundred millions digit of 4965490134?
9
What is the units digit of 10583443?
3
What is the hundreds digit of 190537090?
0
What is the hundred millions digit of 4046049312?
0
What is the ten millions digit of 35828646?
3
What is the hundreds digit of 22478311?
3
What is the tens digit of 89704037?
3
What is the hundred millions digit of 230957875?
2
What is the hundred millions digit of 1185294737?
1
What is the units digit of 313742803?
3
What is the tens digit of 105448096?
9
What is the tens digit of 4062717929?
2
What is the millions digit of 144610236?
4
What is the tens digit of 28000433?
3
What is the millions digit of 16716670?
6
What is the ten millions digit of 244823549?
4
What is the hundred millions digit of 533320040?
5
What is the thousands digit of 17266360?
6
What is the hundreds digit of 285561590?
5
What is the tens digit of 7376413?
1
What is the ten millions digit of 59074705?
5
What is the tens digit of 2538287?
8
What is the thousands digit of 447905092?
5
What is the hundred thousands digit of 147986976?
9
What is the thousands digit of 41001213?
1
What is the ten millions digit of 544779052?
4
What is the hundred thousands digit of 820629834?
6
What is the ten millions digit of 484102953?
8
What is the ten thousands digit of 52035807?
3
What is the tens digit of 57662343?
4
What is the hundred thousands digit of 80721971?
7
What is the ten millions digit of 91714145?
9
What is the billions digit of 1047402790?
1
What is the hundreds digit of 851782653?
6
What is the ten millions digit of 615921344?
1
What is the ten millions digit of 56748039?
5
What is the ten thousands digit of 338667422?
6
What is the units digit of 335136220?
0
What is the billions digit of 1315467284?
1
What is the hundreds digit of 93739583?
5
What is the millions digit of 2890294139?
0
What is the units digit of 11359173?
3
What is the hundred thousands digit of 33116061?
1
What is the hundred millions digit of 1719274678?
7
What is the ten thousands digit of 63875458?
7
What is the thousands digit of 47955088?
5
What is the units digit of 91470492?
2
What is the ten millions digit of 216160520?
1
What is the thousands digit of 781045331?
5
What is the ten thousands digit of 66753741?
5
What is the thousands digit of 95769568?
9
What is the millions digit of 49224027?
9
What is the millions digit of 771961316?
1
What is the millions digit of 286422360?
6
What is the units digit of 74037648?
8
What is the hundreds digit of 14944004?
0
What is the hundred thousands digit of 16361819?
3
What is the hundred thousands digit of 11701768?
7
What is the hundred thousands digit of 997991527?
9
What is the thousands digit of 1534567843?
7
What is the hundreds digit of 48730567?
5
What is the hundreds digit of 32716218?
2
What is the hundreds digit of 216056025?
0
What is the millions digit of 140599617?
0
What is the hundreds digit of 61644759?
7
What is the hundred millions digit of 957934278?
9
What is the hundreds digit of 56339344?
3
What is the hundred thousands digit of 12216249?
2
What is the ten thousands digit of 7736025562?
2
What is the tens digit of 6618478?
7
What is the ten thousands digit of 55811600?
1
What is the units digit of 6064621063?
3
What is the hundred millions digit of 866368427?
8
What is the hundred thousands digit of 43130969?
1
What is the millions digit of 47719234?
7
What is the ten thousands digit of 265492812?
9
What is the thousands digit of 128203171?
3
What is the thousands digit of 281190896?
0
What is the hundred thousands digit of 101026070?
0
What is the ten thousands digit of 55184273?
8
What is the hundreds digit of 292562049?
0
What is the tens digit of 840917498?
9
What is the hundred thousands digit of 122785669?
7
What is the thousands digit of 137221838?
1
What is the hundred thousands digit of 1888209374?
2
What is the millions digit of 3690714564?
0
What is the hundred millions digit of 2656109014?
6
What is the units digit of 1392350?
0
What is the hundred thousands digit of 21247974?
2
What is the ten millions digit of 46126705?
4
What is the tens digit of 92534038?
3
What is the ten thousands digit of 215888542?
8
What is the hundred thousands digit of 797845518?
8
What is the ten thousands digit of 610234201?
3
What is the thousands digit of 3816945008?
5
What is the hundred millions digit of 241140318?
2
What is the thousands digit of 138421180?
1
What is the hundred thousands digit of 266825014?
8
What is the ten millions digit of 10909084?
1
What is the hundred thousands digit of 106400803?
4
What is the tens digit of 68390738?
3
What is the millions digit of 1255485?
1
What is the tens digit of 471234900?
0
What is the ten thousands digit of 2038262530?
6
What is the tens digit of 100196621?
2
What is the hundred thousands digit of 28462002?
4
What is the millions digit of 117060458?
7
What is the ten thousands digit of 781638995?
3
What is the millions digit of 673813330?
3
What is the tens digit of 2705726632?
3
What is the tens digit of 86804173?
7
What is the thousands digit of 1431428553?
8
What is the ten millions digit of 33143205?
3
What is the hundred thousands digit of 14377637?
3
What is the hundreds digit of 1131152287?
2
What is the thousands digit of 746358086?
8
What is the hundreds digit of 1100843289?
2
What is the hundreds digit of 511205629?
6
What is the units digit of 2673393610?
0
What is the millions digit of 63205762?
3
What is the millions digit of 1157489392?
7
What is the hundred thousands digit of 22235557?
2
What is the tens digit of 48406333?
3
What is the hundred millions digit of 211818100?
2
What is the hundred thousands digit of 10162660?
1
What is the ten thousands digit of 61496631?
9
What is the hundreds digit of 29514289?
2
What is the hundreds digit of 202864374?
3
What is the hundreds digit of 472239387?
3
What is the hundred millions digit of 324549316?
3
What is the tens digit of 336397525?
2
What is the units digit of 214851897?
7
What is the ten millions digit of 1349705327?
4
What is the hundreds digit of 55445132?
1
What is the hundred millions digit of 146242220?
1
What is the hundred thousands digit of 2349083874?
0
What is the hundred thousands digit of 49339069?
3
What is the hundred thousands digit of 122035710?
0
What is the units digit of 136360728?
8
What is the ten thousands digit of 604848727?
4
What is the hundreds digit of 5777062590?
5
What is the ten millions digit of 249401290?
4
What is the ten thousands digit of 880467758?
6
What is the hundred millions digit of 868126236?
8
What is the thousands digit of 50415907?
5
What is the tens digit of 2785699916?
1
What is the millions digit of 504160836?
4
What is the hundred thousands digit of 92575638?
5
What is the thousands digit of 48737173?
7
What is the ten millions digit of 253415554?
5
What is the hundred millions digit of 3136865117?
1
What is the hundred thousands digit of 771643880?
6
What is the hundred thousands digit of 67944589?
9
What is the millions digit of 79510230?
9
What is the hundred thousands digit of 1807938805?
9
What is the hundred thousands digit of 97991411?
9
What is the hundreds digit of 1157644343?
3
What is the hundreds digit of 74278003?
0
What is the thousands digit of 11804598?
4
What is the thousands digit of 64916987?
6
What is the tens digit of 3493112505?
0
What is the units digit of 45859120?
0
What is the ten thousands digit of 510854804?
5
What is the hundreds digit of 179905923?
9
What is the ten millions digit of 145634095?
4
What is the hundreds digit of 532776408?
4
What is the hundred thousands digit of 29220281?
2
What is the ten millions digit of 600790691?
0
What is the thousands digit of 45033891?
3
What is the ten thousands digit of 86957834?
5
What is the millions digit of 3487242?
3
What is the millions digit of 6633383?
6
What is the tens digit of 96723064?
6
What is the tens digit of 95902697?
9
What is the units digit of 1518